nd q?
17
Let f be ((-48)/(-10))/((-1863)/(-230) - 8). Suppose a + 4*a = 110. Let x = a + -16. Calculate the highest common factor of f and x.
6
Let q be ((1 - 3) + -2)/2. Let u be (-13 + 1 + 2)/q. Suppose u = -r - 3*w - 0, -5*r + 15 = 5*w. Calculate the greatest common divisor of 35 and r.
7
Let g(j) = -264*j - 1296. Let l be g(-5). Calculate the greatest common factor of l and 308.
4
Suppose 0*m = 16*m - 20032. Suppose -m + 160 = -26*c. Calculate the highest common divisor of 378 and c.
42
Let l be 0 - (-5 + 4) - -11. Suppose 664*i + 1512 = 678*i. Calculate the highest common divisor of l and i.
12
Suppose 51*b - 56*b = 3*p - 1512, 0 = b - 14*p - 244. What is the greatest common divisor of b and 255?
15
Let q = 148 + -142. Suppose q*h - 89 + 11 = 0. Calculate the highest common divisor of h and 104.
13
Let h(q) = -q**3 - 39*q**2 + 474*q - 24. Let u be h(9). What is the highest common divisor of 1947 and u?
177
Let o = 361 + -252. Suppose o + 149 = 2*b. Suppose -5*h = -b - 111. Calculate the greatest common factor of h and 6.
6
Let w be 29 + 3*(-2)/3. Let r(a) = 2*a**3 - 73*a**2 + 339*a + 15. Let b be r(5). What is the highest common factor of b and w?
27
Let g = 18867 + -18699. What is the greatest common factor of g and 567?
21
Let n be (-2)/3*8/(24/(-225)). Suppose -5*h + h + 82 = 3*r, -h + 27 = r. Let b = r + -1. Calculate the greatest common factor of b and n.
25
Suppose 0 = -4*h - 7 + 71. Suppose 0 = -3*j + 7*b - 9*b + 89, h = 4*b. What is the greatest common divisor of 216 and j?
27
Suppose 72*t - 6732 = -396. Let k be 26/2 - 2*1. Suppose -t - k = -d. Calculate the greatest common divisor of 9 and d.
9
Suppose -18051 = 48*n - 70755. Calculate the highest common divisor of 36 and n.
18
Suppose -4*w = -4*t + 25696, 2*t - 4*w - 7871 = 4985. Calculate the highest common divisor of t and 107.
107
Let k(t) = 4*t**2 - 49*t - 501. Let i be k(-7). Calculate the highest common divisor of i and 2489.
19
Let f(h) = -821*h + 1637. Let s be f(-25). What is the greatest common factor of 28 and s?
14
Let n be 13 - 2/(-3)*3. Suppose 0 = -6*g + 3942 + 1422. Suppose 354 - g = -12*k. Calculate the greatest common divisor of n and k.
15
Let q(o) = 4*o + 132. Let r be q(-36). Let j be ((-18)/(-21))/(r/(-588)). Calculate the greatest common factor of j and 7.
7
Let b be -1 + (-95 - 5)*(-54)/45. Calculate the greatest common factor of b and 1771.
7
Let h = 1228 + -1180. Calculate the highest common divisor of h and 388.
4
Suppose 2*k + 3*g - 258 = -5*k, 150 = 4*k + 2*g. What is the greatest common divisor of 9097 and k?
11
Suppose 0 = f + 2*g - 11489, 0 = -4*f + 5*g + 53792 - 7927. Calculate the highest common divisor of 540 and f.
135
Suppose -3*p + 472 = -5*j - 661, -2*p = 2*j - 734. What is the highest common factor of p and 795?
53
Let q(j) = 2*j**2 - 10*j + 4. Let o be q(4). Let u be (o - -3)*(-18)/6. Let h be 4 - ((-9)/u)/(-1). Calculate the highest common divisor of h and 3.
1
Let x(f) = -472*f - 1615. Let k be x(-11). Calculate the highest common divisor of k and 73.
73
Let r be (-18 + (-11 - -28))/((-1)/5). Suppose k + 57 = 3*i, 0 = 2*k - 2*i + 66 + 32. Let y = k - -85. What is the highest common factor of r and y?
5
Let a = 3372 - 3306. Suppose -3*d = 2*d - 165. Suppose 4*k = 5*k - d. Calculate the highest common factor of a and k.
33
Let q = 9078 + -4474. What is the greatest common divisor of q and 4?
4
Let k be 1/(-4) + (-1 - 90/(-8)). Let i be ((-72)/(-45))/(2/k). Suppose i = -4*w - 5*r, w - 3 = -4*w - 3*r. Calculate the greatest common factor of 3 and w.
3
Suppose 2*d = -2*d + 8, 0 = 2*r + 4*d - 16. Suppose 0 = 2*h + 4*w + 17 - 309, -r*w - 688 = -5*h. Calculate the greatest common factor of 175 and h.
35
Let u = 6674 + -5432. What is the greatest common factor of 184 and u?
46
Let d = 3582 - 1910. What is the highest common factor of 19 and d?
19
Suppose 0 = -3*c + 5*c - 144. Let o = 82 + 24. Let i = o - 98. What is the highest common factor of i and c?
8
Let l(u) = 328*u - 107. Let a be l(3). Suppose -31*t + 1634 = -a. Calculate the highest common factor of 81 and t.
81
Suppose 11*c - 7675 = -14*c. Let a = c + -292. Let z = 3 + 27. Calculate the greatest common factor of z and a.
15
Let j be -20*(7 + (-372)/48). What is the greatest common divisor of j and 240?
15
Suppose 3*g = 4*k - 2*g - 27, -12 = k - 5*g. Suppose -383*t = -114*t - 57906 - 8537. Calculate the greatest common divisor of t and k.
13
Let l be ((-3)/2)/(153/(-2040)). Calculate the greatest common divisor of l and 9920.
20
Suppose -4*r + 5*l + 59 = 0, -4*r = 3*l + 34 - 133. What is the highest common factor of 13293 and r?
21
Let v be (-22)/(110/(-10)) - -15095. What is the greatest common factor of v and 62?
31
Suppose 1450 = 38*l - 13*l + 175. Calculate the greatest common divisor of l and 78.
3
Let h = 2041 + -1852. What is the highest common factor of h and 1269?
27
Suppose -3*y = -5*l + 15, -3*y + 0*l = 4*l - 12. Suppose v - 429 + 69 = y. Suppose v = 7*x + 3*x. Calculate the highest common divisor of x and 48.
12
Suppose -5*n - 5*v + 4550 = 0, -3*v + 3632 = 4*n - 0*v. What is the greatest common factor of 44 and n?
22
Let z be (-6 + 0)*((-5)/2 - -2). Suppose -2*b - 5*l + 133 = 31, -z*b + 111 = -3*l. What is the greatest common divisor of b and 123?
41
Let d be (-1)/(-1*1/32). Let c be -29*(-9 - -3)/(-6). Let x = c + d. Calculate the highest common divisor of 2 and x.
1
Let g(m) = -m**2 + 3*m + 160. Let x be g(-9). Calculate the highest common divisor of 2327 and x.
13
Let y be (4/5)/(14/(-105)). Let c = y - -10. Suppose 2*b = -4*z + 48, -3*b - 4*z + 28 = -36. What is the greatest common factor of b and c?
4
Suppose -3*z = 4*d + 2 - 6, 3*d + 5*z + 8 = 0. Suppose d*c = -16, -3*y - 4*c = 68 - 376. Calculate the greatest common divisor of 351 and y.
27
Let r(z) = -2768*z**3 + 2*z**2 + 5*z + 7. Let g be r(-1). What is the highest common factor of g and 672?
84
Let k = 338 + -142. Suppose -z - 5 + 189 = 4*o, -z + k = -2*o. Suppose 36 = l - 4*d, 2*l = 5*l + 3*d - 63. Calculate the greatest common divisor of z and l.
24
Suppose -67*m + 18512 = -6814. Calculate the greatest common factor of m and 30.
6
Let s = -1571 + 1574. Calculate the highest common divisor of s and 111.
3
Suppose 0 = -4*i - 3*a + 128025 + 60793, -2*i - 3*a = -94412. Calculate the highest common factor of i and 13.
13
Let r = 89 + -85. Suppose 17 - 25 = r*f. Let j be (-2)/(-14)*f + 1208/14. What is the highest common divisor of j and 43?
43
Suppose 2*f = -f + 70 - 64. Let r(l) = 37*l + 3. Let j be r(3). Calculate the highest common factor of j and f.
2
Suppose 456 = -3*p + 7*p. Suppose -2998*t = -2991*t - 1330. What is the greatest common factor of p and t?
38
Suppose 1920 = 4*q - 2*u, -1912 = -3*q - 3*u - 472. Calculate the highest common divisor of 348 and q.
12
Let v = 2844 - 2764. What is the highest common divisor of v and 15?
5
Suppose 2*n = 3*m - 110, 47 = 3*m + 5*n - 35. What is the greatest common divisor of 4794 and m?
34
Let m = 3 + 7. Let x(o) = 17*o + 592. Let t be x(-32). Let k be (-150)/4*(17 - 880/t). Calculate the greatest common divisor of m and k.
10
Suppose 4*j - 35*p - 43 = 196, 97 = 2*j + 5*p. What is the greatest common factor of 1615 and j?
17
Suppose g - 1 - 9 = -3*t, -2*g - 10 = 0. Suppose t*c + 219 = 2154. Calculate the greatest common factor of c and 43.
43
Let x = 13212 + -5925. Calculate the highest common divisor of x and 63.
21
Suppose -n = -60*n + 900 + 634. Calculate the greatest common divisor of 3471 and n.
13
Let z(o) = o + 27. Let g be z(-12). Let h be (-2)/(-15) - (-328)/g. Suppose 3*b = 2*w + 6*b - 320, w - 166 = -3*b. What is the highest common factor of w and h?
22
Suppose -10359*s + 210 = -10351*s - 54. What is the highest common factor of s and 45606?
33
Let h(g) = -4*g - 12. Let j be h(-9). Suppose 5*q + 0*t + 4*t = 218, 4*q - 164 = 2*t. Calculate the highest common factor of q and j.
6
Let z = -172 - -122. Let q be 12 + z/5 + 4. Let t = -24 - -48. Calculate the greatest common divisor of t and q.
6
Suppose 31*h = 8*h + 7636. Suppose -25*c - 4*o + h = -20*c, -4*c = 4*o - 264. Calculate the greatest common factor of c and 4.
4
Let s(w) = 115*w**2 - 14*w + 9. Let r be s(2). Let y be (1 - -1)/(8/36). What is the greatest common factor of y and r?
9
Let i be (-6)/(-2) +